(x) = -2*x + 3. What is the remainder when w(-5) is divided by (3/16)/((-17)/68)*-4?
1
Suppose 0 = 2*i + 3*i. Suppose -h - 2*h + 57 = i. What is the remainder when h is divided by 5?
4
Let d = 55 - 33. What is the remainder when 86 is divided by d?
20
Let t(d) = -d**2 - 12*d - 13. Calculate the remainder when 50 is divided by t(-9).
8
Suppose 80 = 12*h - 7*h. Calculate the remainder when 61 is divided by h.
13
Let q = -20 + 35. What is the remainder when (-1)/((-88)/86 + 1) is divided by q?
13
Let v(x) = x**2 - 14. Let u be v(11). Suppose 0 = 4*o - h + 9 - u, -83 = -3*o - 4*h. What is the remainder when 48 is divided by o?
23
Suppose 0 = -5*s - 3*f + 49, f = 2*f - 3. Let a(m) = 6*m**2 - m + 1. Let q be 15/9 + (-1)/(-3). Calculate the remainder when a(q) is divided by s.
7
Let l be 2/5 + 13/5. Suppose 2*n + 24 = -5*u, 0 = -u - 0*u - l*n + 3. What is the remainder when 29 is divided by (-72)/u + (-2 - 0)?
9
Let p(m) = 2*m**2 - 13*m + 38. What is the remainder when 104 is divided by p(5)?
12
Let q(r) = 3*r**3 - 2*r**2 - r. Let b = -47 - -74. What is the remainder when b is divided by q(2)?
13
Suppose -2*l + 24 = 2*l. Let g(z) = z**2 - 3*z - 6. Suppose -d - 2 = -a, a + 9 = 4*d + 2. Calculate the remainder when g(l) is divided by a.
2
Let u be 0 + 2 - (9 + -3). Let y(p) be the third derivative of p**4/24 + 5*p**3/6 - 2*p**2. What is the remainder when 1 is divided by y(u)?
0
Suppose -3*t + 35 = -34. What is the remainder when t is divided by 8?
7
Let i(t) = t**3 - 5*t**2 + 5*t - 2. Suppose -3*p - 9 = j - 0*p, 2*j + 13 = -5*p. What is the remainder when i(5) is divided by j?
5
Suppose 3*o - 3*b = 30, o + 3*o - 58 = -2*b. What is the remainder when 23 is divided by o?
10
Let h = 2 - -5. Let t = 5 + 14. What is the remainder when t is divided by h?
5
Suppose 5*k + 2*g = 164 + 113, 3*k + 2*g - 163 = 0. What is the remainder when k is divided by 15?
12
What is the remainder when 17 is divided by ((-18)/(-5))/((-16)/(-40))?
8
Let u = 4 - 1. Let r = -28 - -41. Suppose 3 = 4*g - r. What is the remainder when g is divided by u?
1
Let s be 2/((-1)/(-1)*1). Suppose 4*n = -s*y + n + 113, 2*n = 5*y - 292. Calculate the remainder when y is divided by 15.
13
Suppose -k + 3*r - 4 = -r, -22 = -2*k + 2*r. Let d be 1 + -2 - (3 + 0). Let s = k + d. What is the remainder when 23 is divided by s?
11
Let m = 13 - -12. Let n = m + -23. Calculate the remainder when 2 is divided by n.
0
Suppose 0*s + 2*s = 2. Suppose v + 3*r - s = -0*v, -3 = -3*v - 2*r. What is the remainder when 14 is divided by 5 + 1 - 2/v?
2
Let q = -24 + 13. Suppose -100 = -5*z - 0*z. Let b = z + q. What is the remainder when 16 is divided by b?
7
Let b = -64 - -67. What is the remainder when 4 is divided by b?
1
Suppose 6 = -4*r + 7*r. Suppose 0 = r*u + 4, 0*q - 4*u + 6 = q. Suppose -5*b + 4*w = -197, 4*b + 4*w = -w + 174. Calculate the remainder when b is divided by q.
13
Calculate the remainder when ((-248)/16)/((-1)/6) is divided by 24.
21
Suppose 2*b = 4*k + b - 462, -4*k + 454 = -5*b. Calculate the remainder when k is divided by 13.
12
Let r(f) = -4*f**2 + f**2 + 10*f - 4 + 2*f**2. Suppose -h = 2*h - 33. Calculate the remainder when r(6) is divided by h.
9
Suppose 2*m = m + 2. Let k = -1 + m. Calculate the remainder when (-2*2/4)/(-1) is divided by k.
0
Let c(s) = 28*s**3 + 2*s**2 - 2*s - 2. Let i = 10 - 8. Let u be c(i). Suppose 14 + u = 5*f. What is the remainder when f is divided by 25?
23
Suppose 0 = 3*j - 4*j - 9. Let g(s) = s + 13. Let c(q) = 4*q - 1. Calculate the remainder when c(3) is divided by g(j).
3
Suppose 7 + 89 = -3*o. Let r = 84 + o. Suppose 0*d - 5*d + 3*g + r = 0, d + g - 12 = 0. What is the remainder when 31 is divided by d?
9
What is the remainder when 50 is divided by 77/3 + 2/6?
24
Let h be (2/(-5))/(5/(-50)). Suppose l + h*l + 20 = -3*z, -20 = 5*l - 4*z. Let k = -3 - l. What is the remainder when 1 is divided by k?
0
Let y(n) = -n**3 - n**2 + n + 59. What is the remainder when y(0) is divided by 20?
19
Let g = 19 - 16. Calculate the remainder when g is divided by 1.
0
Let i(f) = f**3 - 5*f**2 + 3*f - 1. Calculate the remainder when 27 is divided by i(5).
13
Let n(s) = -3*s + 1. Let a be (3 + -12)/(3/2). Let l(w) = -10*w - 3. Calculate the remainder when n(a) is divided by l(-1).
5
Let q(s) = s**2 - s - 1. What is the remainder when q(-4) is divided by 5 + 0 - (-1 + -1)?
5
Let q(b) = -13*b**3 + 2*b**2 - 1. Let t(j) be the first derivative of -j**3/3 + 5*j**2/2 + j + 3. Calculate the remainder when q(-1) is divided by t(4).
4
Calculate the remainder when 55 is divided by (-63)/14*40/(-6).
25
Let o(z) = -12*z + 2. Suppose 4*w - 6*w = 4. What is the remainder when (1/(-1))/1 - -51 is divided by o(w)?
24
Suppose 0 = 4*m - 15 - 9. Suppose 0 = 4*d + 3 - 19. Suppose d*w - 3*n = -m*n + 27, 2*n = 3*w + 1. Calculate the remainder when 8 is divided by w.
2
Let r(y) = -y + 12. What is the remainder when 1 is divided by r(11)?
0
Let y(v) = -7*v - 59. Let b(a) = a**3 + 4*a**2. What is the remainder when y(-12) is divided by b(-3)?
7
Suppose -p + 11 + 9 = 4*c, -3*p = -4*c + 4. Let f = p + 10. Calculate the remainder when 1/((-1)/(-1)) - -26 is divided by f.
13
Suppose 0*j = j. Suppose 5*m - 88 - 42 = j. Let i(d) = -2*d**3 - 3*d**2 - 2*d + 1. Calculate the remainder when m is divided by i(-2).
8
Let h be (-12)/6 + 12*-3. Let o = 60 + h. Calculate the remainder when 86 is divided by o.
20
Let f(x) = -x**2 - 16*x - 16. Suppose -d - d + 8 = 0, -5*g = 2*d - 113. What is the remainder when f(-11) is divided by 0 + -2 + g - -1?
19
Suppose -t + 26 = 5*c - 4, 0 = -4*c - 5*t + 24. Calculate the remainder when 23 is divided by c.
5
Suppose 0 = -2*d - d + 4*o + 32, -2*d + 21 = -3*o. Calculate the remainder when 23 is divided by d.
11
What is the remainder when ((-59)/4)/((-11)/44) is divided by 10?
9
Suppose 3*o - 5 - 109 = 0. Calculate the remainder when o/6*-1*-3 is divided by 10.
9
Let i(d) = 3*d**2 + 5. Let q be i(-4). Let s be ((-12)/9)/((-2)/3). Suppose -s*n + q = -n. What is the remainder when n is divided by 14?
11
Suppose 4*w = 39 - 15. Suppose j = 2*j - w. What is the remainder when (2 + 0)/(3/24) is divided by j?
4
Let u(n) = n**2 + 3*n - 19. What is the remainder when u(5) is divided by 8?
5
Let z be (-4)/(-8)*4*-1. What is the remainder when 29 is divided by (-4)/(z + -6)*16?
5
Let f(n) = n**2 + 3*n. Let c be f(-4). Suppose c*a = 2*a - 12. Calculate the remainder when 1 is divided by ((-3)/2)/(9/a).
0
Let x = 2 + -4. Calculate the remainder when (0 - -14)*(-11)/x is divided by 26.
25
Suppose -2*i + 2 = -q + 3*q, 2*q - 9 = 5*i. Suppose -3*x + 0 + 3 = 0. Let a = x - i. Calculate the remainder when 5 is divided by a.
1
Let s = -14 + 11. Let z = 7 - s. Calculate the remainder when 27 is divided by z.
7
Let o = 1 - -3. Suppose u - 56 = -4*l, 0*l + 2*l + o*u - 14 = 0. Calculate the remainder when l is divided by 6.
3
Let v(a) = -a + 4. Suppose -20 = -2*u - 3*u. Suppose u*m - 4*j = -4, -m - 3*j + 1 = -5*m. What is the remainder when v(2) is divided by m?
0
Let x = 6 + 43. Suppose -16 = 2*a - 50. What is the remainder when x is divided by a?
15
Let c = -2 + 4. Let s be (-71)/(-2)*c/1. Suppose 5*k - s = -11. What is the remainder when 35 is divided by k?
11
Suppose 13 = 3*n + 4. Suppose r = -4*p - n - 5, 2*p + 14 = 2*r. Calculate the remainder when 25/4 + (-2)/8 is divided by r.
2
Suppose -5*k = 2*n - 129, 3*k - 69 = 4*n - n. Let h = -12 - -25. Calculate the remainder when k is divided by h.
12
Let u = -23 - -49. Suppose -j - 3*l - 1 = -4, u = 4*j - 2*l. What is the remainder when j is divided by 4?
2
Let u(f) = -f**3 - 2*f**2 + 3*f + 2. Let j be u(-3). Suppose 4*k - j*k = 60. What is the remainder when k is divided by 11?
8
Suppose -t + p + 19 = 0, -5*p - 66 - 8 = -4*t. Suppose -r + 0 + 48 = 0. Suppose 6*b - r = 2*b. What is the remainder when t is divided by b?
9
Let u(a) = -a**2 + 6*a + 7. Calculate the remainder when ((-6)/4)/((-18)/240) is divided by u(6).
6
Let t be 2/(4/6) + -3. Suppose -268 = -4*g + 5*f - t*f, 5*g = 4*f + 326. What is the remainder when g is divided by 16?
14
What is the remainder when ((-116)/8)/((-6)/60) is divided by 37?
34
Let q(o) = o**2 + o + 19. Let v = -3 - 3. Let c = v + 13. Calculate the remainder when q(0) is divided by c.
5
Suppose 0 = -k - 78 + 10. Let d(